ctor of 684500 and 222?
74
What is the greatest common divisor of 449 and 124822?
449
Calculate the greatest common divisor of 1712 and 83728.
16
What is the highest common divisor of 35796 and 57?
57
What is the greatest common factor of 60 and 340380?
60
What is the greatest common divisor of 15 and 909375?
15
What is the highest common divisor of 253 and 748?
11
Calculate the greatest common factor of 164 and 2588.
4
Calculate the greatest common divisor of 315 and 4221.
63
Calculate the highest common factor of 73797 and 459.
51
Calculate the greatest common factor of 378 and 278964.
378
What is the greatest common factor of 1962304 and 1024?
64
Calculate the greatest common factor of 126802 and 286.
26
What is the greatest common factor of 1320 and 366696?
264
What is the greatest common factor of 26 and 30446?
26
What is the greatest common divisor of 20584 and 208816?
248
Calculate the highest common divisor of 243 and 177741.
27
What is the greatest common factor of 2498605 and 115?
115
What is the highest common factor of 16116 and 2172?
12
What is the greatest common factor of 5 and 2401?
1
What is the greatest common factor of 74532 and 156?
12
What is the highest common divisor of 82 and 2121094?
82
What is the highest common factor of 81 and 1334394?
81
What is the greatest common divisor of 13044 and 11640?
12
Calculate the highest common factor of 1701 and 329.
7
Calculate the highest common factor of 7231 and 482411.
1033
Calculate the highest common divisor of 37736 and 742.
106
Calculate the greatest common factor of 4756 and 7076.
116
What is the greatest common factor of 57 and 576?
3
Calculate the greatest common divisor of 1140 and 133260.
60
What is the highest common factor of 2277 and 1774404?
207
Calculate the highest common factor of 41988 and 12.
12
Calculate the highest common factor of 34797 and 2121.
21
What is the greatest common divisor of 31075 and 22?
11
What is the greatest common factor of 575 and 4140?
115
Calculate the highest common factor of 3 and 361389.
3
What is the highest common factor of 634 and 4478?
2
What is the highest common factor of 10209 and 164?
41
Calculate the greatest common divisor of 841156 and 276.
92
What is the highest common factor of 2072585 and 995?
995
Calculate the highest common factor of 161 and 30935.
23
What is the highest common divisor of 23858 and 2416?
302
What is the highest common factor of 260 and 17158180?
260
What is the greatest common factor of 17515 and 22940?
155
What is the greatest common factor of 60 and 162816?
12
Calculate the highest common divisor of 773878 and 8183.
1169
Calculate the highest common divisor of 216 and 2424.
24
Calculate the highest common factor of 7008 and 768.
96
Calculate the greatest common factor of 2176 and 11356.
68
What is the highest common divisor of 5254 and 1406?
74
Calculate the highest common divisor of 133 and 12936.
7
What is the greatest common divisor of 777 and 4773?
111
What is the highest common factor of 1060407 and 531?
531
What is the highest common factor of 1356 and 3044898?
678
What is the greatest common factor of 17227 and 103201?
161
What is the greatest common divisor of 480 and 15264?
96
Calculate the highest common factor of 77252 and 336.
28
What is the highest common factor of 324 and 374760?
108
Calculate the highest common divisor of 13197 and 2905.
83
What is the highest common factor of 12 and 71552?
4
Calculate the greatest common divisor of 75 and 3151425.
75
What is the greatest common factor of 330038 and 238?
34
Calculate the highest common divisor of 68 and 2754.
34
What is the greatest common factor of 954 and 31906?
106
What is the greatest common factor of 1270 and 5540?
10
Calculate the highest common divisor of 62 and 328569.
31
What is the greatest common factor of 80 and 1294640?
80
What is the highest common divisor of 40 and 862520?
40
Calculate the greatest common factor of 459425 and 141.
47
What is the highest common factor of 1902 and 7842?
6
What is the highest common divisor of 106505 and 280?
35
What is the greatest common factor of 171 and 26372?
19
Calculate the greatest common divisor of 6 and 3048.
6
What is the greatest common divisor of 5243 and 2646?
49
What is the greatest common factor of 329643 and 2349?
783
What is the highest common factor of 125708 and 44?
44
Calculate the greatest common factor of 58710 and 120.
30
Calculate the greatest common factor of 1548 and 52804.
172
What is the highest common divisor of 896 and 1428?
28
Calculate the greatest common divisor of 2450782 and 1030.
206
Calculate the highest common factor of 3509 and 145.
29
Calculate the greatest common divisor of 105 and 314251.
7
What is the greatest common factor of 29380 and 10?
10
Calculate the highest common factor of 209505 and 15.
15
Calculate the highest common divisor of 15 and 10515.
15
What is the greatest common factor of 71 and 43523?
71
What is the greatest common factor of 41540 and 202740?
620
What is the highest common factor of 6693 and 11931?
291
What is the highest common factor of 1166 and 740516?
106
What is the highest common divisor of 10524750 and 750?
750
What is the greatest common factor of 34 and 134317?
17
What is the highest common factor of 44930 and 1970?
10
Calculate the highest common factor of 3922 and 740.
74
Calculate the greatest common divisor of 71040 and 156.
12
Calculate the highest common factor of 3 and 121593.
3
What is the highest common factor of 125199 and 54?
27
What is the highest common divisor of 1320 and 530?
10
What is the highest common divisor of 27886 and 3942?
146
Calculate the highest common factor of 2591880 and 280.
40
Calculate the greatest common divisor of 1020 and 124185.
255
What is the highest common factor of 6376 and 24?
8
What is the highest common factor of 33 and 110957?
11
Calculate the highest common factor of 216 and 15039.
27
What is the greatest common factor of 29 and 1807367?
29
Calculate the greatest common divisor of 136 and 165512.
136
Calculate the greatest common divisor of 4421995 and 155.
155
Calculate the highest common divisor of 106 and 135415.
53
What is the greatest common factor of 1017 and 3416781?
339
What is the greatest common factor of 191592 and 9757?
887
What is the highest common factor of 790126 and 6835?
1367
What is the highest common divisor of 120 and 430455?
15
Calculate the highest common divisor of 191835 and 27.
27
Calculate the greatest common divisor of 646 and 1102.
38
What is the highest common divisor of 2854 and 12?
2
Calculate the greatest common divisor of 480095 and 52675.
1505
What is the greatest common factor of 971613 and 1869?
267
Calculate the greatest common divisor of 52811 and 99.
11
What is the greatest common divisor of 188044 and 848?
212
What is the greatest common factor of 29 and 1213331?
29
What is the highest common divisor of 102365 and 6490?
295
Calculate the highest common factor of 12 and 783444.
12
What is the highest common factor of 1244118 and 909?
303
What is the highest common factor of 198 and 185812?
22
Calculate the greatest common divisor of 32 and 369568.
32
Calculate the highest common divisor of 30 and 10555.
5
Calculate the highest common factor of 18718 and 16426.
382
What is the greatest common divisor of 10057 and 1808?
113
What is the highest common divisor of 136180 and 60?
20
Calculate the greatest common divisor of 27 and 2029347.
27
Calculate the highest common divisor of 6 and 116553.
3
Calculate the greatest common divisor of 52 and 2132832.
52
Calculate the greatest common factor of 253 and 1163501.
23
What is the highest common divisor of 152 and 201362?
38
Calculate the greatest common factor of 221041 and 47.
47
Calculate the greatest common divisor of 20 and 82440.
20
What is the greatest common divisor of 77077 and 33?
11
Calculate the highest common factor of 48363 and 686.
343
What is the highest common divisor of 6357 and 3068?
13
What is the greatest common divisor of 105 and 95907?
21
Calculate the greatest common factor of 30 and 192880.
10
Calculate the greatest common factor of 17940 and 1430.
130
Calculate the greatest common divisor of 3129 and 33525.
447
Calculate the highest common factor of 152 and 152360